{"id":812,"date":"2021-01-27T09:42:45","date_gmt":"2021-01-27T08:42:45","guid":{"rendered":"https:\/\/www.heimatmuseum-erbenheim.de\/?page_id=812"},"modified":"2026-03-29T18:01:04","modified_gmt":"2026-03-29T16:01:04","slug":"unser-museum","status":"publish","type":"page","link":"https:\/\/www.heimatmuseum-erbenheim.de\/?page_id=812","title":{"rendered":"Unser Museum"},"content":{"rendered":"\n<p>befindet sich im ehemaligen Erbenheimer Rathaus<br>Wandersmannstrasse 25<br>65205 Wiesbaden-Erbenheim<br>(Keine postalische Adresse des Vereins, siehe Impressum)<\/p>\n\n\n\n<h3 class=\"wp-block-heading\" id=\"offnungszeiten-des-museums\"><strong>\u00d6ffnungszeiten<\/strong><\/h3>\n\n\n\n<p>Jeweils am letzten Sonntag eines Monats von 14:00 Uhr bis 17:00 Uhr.  Zus\u00e4tzliche \u00d6ffnungszeiten oder \u00c4nderungen werden in den Tageszeitungen bzw. auf unserer Internetseite angek\u00fcndigt.<br>Sonderf\u00fchrungen auch auf Anfrage bei einem der Vorstandsmitglieder.<\/p>\n\n\n\n<h3 class=\"wp-block-heading\"><strong>Ausstellung<\/strong><\/h3>\n\n\n\n<p>Das Museum zeigt die Entwicklung von der R\u00f6mer- und Frankenzeit, \u00fcber die erste urkundliche Erw\u00e4hnung im Jahr 927 bis zum Verkehrsknotenpunkt als heutigem Wiesbadener Vorort. Dazu geh\u00f6rt auch der Weg von der ehemaligen Pferderennbahn zur amerikanischen Airbase.<br>Weiterhin behandeln wir zahlreiche Themen der \u00f6rtlichen Entwicklung, wie dem ehemaligen Erbenheimer Bahnhof und die L\u00e4ndchesbahn, die Erbenheimer Schulen und Erbenheims Beitrag zur Milchversorgung Wiesbadens. Historischen Karten und Fotografien von Erbenheim bis Nassau runden das Angebot ab.<\/p>\n\n\n\n<p>Zus\u00e4tzlich pr\u00e4sentieren wir zeitlich begrenzte Sonderausstellungen.<\/p>\n\n\n\n<p>Au\u00dferdem haben wir eine umfangreiche Bibliothek zu heimatgeschichtlichen Themen und das <a href=\"https:\/\/www.heimatmuseum-erbenheim.de\/wp-content\/uploads\/2026\/03\/IndexEA_V7.pdf\" data-type=\"link\" data-id=\"https:\/\/www.heimatmuseum-erbenheim.de\/wp-content\/uploads\/2024\/11\/IndexEA_V5.pdf\" target=\"_blank\" rel=\"noreferrer noopener\">Archiv des &#8222;Erbenheimer Anzeigers&#8220;<\/a>, die beide bei Bedarf von Jedem eingesehen werden k\u00f6nnen.<\/p>\n\n\n\n<figure class=\"wp-block-gallery has-nested-images columns-default is-cropped wp-block-gallery-1 is-layout-flex wp-block-gallery-is-layout-flex\">\n<figure class=\"wp-block-image size-large\"><img loading=\"lazy\" decoding=\"async\" width=\"1024\" height=\"768\" data-id=\"1651\" src=\"https:\/\/www.heimatmuseum-erbenheim.de\/wp-content\/uploads\/2022\/01\/P1040800-1024x768.jpg\" alt=\"\" class=\"wp-image-1651\" srcset=\"https:\/\/www.heimatmuseum-erbenheim.de\/wp-content\/uploads\/2022\/01\/P1040800-1024x768.jpg 1024w, https:\/\/www.heimatmuseum-erbenheim.de\/wp-content\/uploads\/2022\/01\/P1040800-300x225.jpg 300w, https:\/\/www.heimatmuseum-erbenheim.de\/wp-content\/uploads\/2022\/01\/P1040800-768x576.jpg 768w, https:\/\/www.heimatmuseum-erbenheim.de\/wp-content\/uploads\/2022\/01\/P1040800-1536x1152.jpg 1536w, https:\/\/www.heimatmuseum-erbenheim.de\/wp-content\/uploads\/2022\/01\/P1040800-2048x1536.jpg 2048w\" sizes=\"auto, (max-width: 1024px) 100vw, 1024px\" \/><\/figure>\n\n\n\n<figure class=\"wp-block-image size-large\"><img loading=\"lazy\" decoding=\"async\" width=\"400\" height=\"300\" data-id=\"895\" src=\"https:\/\/www.heimatmuseum-erbenheim.de\/wp-content\/uploads\/2021\/02\/Erbenheim-Tranchot-e1612518211544.jpg\" alt=\"\" class=\"wp-image-895\" srcset=\"https:\/\/www.heimatmuseum-erbenheim.de\/wp-content\/uploads\/2021\/02\/Erbenheim-Tranchot-e1612518211544.jpg 400w, https:\/\/www.heimatmuseum-erbenheim.de\/wp-content\/uploads\/2021\/02\/Erbenheim-Tranchot-e1612518211544-300x225.jpg 300w\" sizes=\"auto, (max-width: 400px) 100vw, 400px\" \/><\/figure>\n\n\n\n<figure class=\"wp-block-image size-large\"><img loading=\"lazy\" decoding=\"async\" width=\"1024\" height=\"768\" data-id=\"885\" src=\"https:\/\/www.heimatmuseum-erbenheim.de\/wp-content\/uploads\/2021\/02\/P1040649-1024x768.jpg\" alt=\"\" class=\"wp-image-885\" srcset=\"https:\/\/www.heimatmuseum-erbenheim.de\/wp-content\/uploads\/2021\/02\/P1040649-1024x768.jpg 1024w, https:\/\/www.heimatmuseum-erbenheim.de\/wp-content\/uploads\/2021\/02\/P1040649-300x225.jpg 300w, https:\/\/www.heimatmuseum-erbenheim.de\/wp-content\/uploads\/2021\/02\/P1040649-768x576.jpg 768w, https:\/\/www.heimatmuseum-erbenheim.de\/wp-content\/uploads\/2021\/02\/P1040649-1536x1152.jpg 1536w, https:\/\/www.heimatmuseum-erbenheim.de\/wp-content\/uploads\/2021\/02\/P1040649-2048x1536.jpg 2048w, https:\/\/www.heimatmuseum-erbenheim.de\/wp-content\/uploads\/2021\/02\/P1040649-1600x1200.jpg 1600w\" sizes=\"auto, (max-width: 1024px) 100vw, 1024px\" \/><\/figure>\n\n\n\n<figure class=\"wp-block-image size-large\"><img loading=\"lazy\" decoding=\"async\" width=\"1024\" height=\"662\" data-id=\"1188\" src=\"https:\/\/www.heimatmuseum-erbenheim.de\/wp-content\/uploads\/2021\/08\/Schusterecke-1024x662.jpg\" alt=\"\" class=\"wp-image-1188\" srcset=\"https:\/\/www.heimatmuseum-erbenheim.de\/wp-content\/uploads\/2021\/08\/Schusterecke-1024x662.jpg 1024w, https:\/\/www.heimatmuseum-erbenheim.de\/wp-content\/uploads\/2021\/08\/Schusterecke-300x194.jpg 300w, https:\/\/www.heimatmuseum-erbenheim.de\/wp-content\/uploads\/2021\/08\/Schusterecke-768x496.jpg 768w, https:\/\/www.heimatmuseum-erbenheim.de\/wp-content\/uploads\/2021\/08\/Schusterecke-1536x993.jpg 1536w, https:\/\/www.heimatmuseum-erbenheim.de\/wp-content\/uploads\/2021\/08\/Schusterecke-2048x1323.jpg 2048w\" sizes=\"auto, (max-width: 1024px) 100vw, 1024px\" \/><\/figure>\n\n\n\n<figure class=\"wp-block-image size-large\"><img loading=\"lazy\" decoding=\"async\" width=\"1024\" height=\"768\" data-id=\"883\" src=\"https:\/\/www.heimatmuseum-erbenheim.de\/wp-content\/uploads\/2021\/02\/P1040648-1024x768.jpg\" alt=\"\" class=\"wp-image-883\" srcset=\"https:\/\/www.heimatmuseum-erbenheim.de\/wp-content\/uploads\/2021\/02\/P1040648-1024x768.jpg 1024w, https:\/\/www.heimatmuseum-erbenheim.de\/wp-content\/uploads\/2021\/02\/P1040648-300x225.jpg 300w, https:\/\/www.heimatmuseum-erbenheim.de\/wp-content\/uploads\/2021\/02\/P1040648-768x576.jpg 768w, https:\/\/www.heimatmuseum-erbenheim.de\/wp-content\/uploads\/2021\/02\/P1040648-1536x1152.jpg 1536w, https:\/\/www.heimatmuseum-erbenheim.de\/wp-content\/uploads\/2021\/02\/P1040648-2048x1536.jpg 2048w, https:\/\/www.heimatmuseum-erbenheim.de\/wp-content\/uploads\/2021\/02\/P1040648-1600x1200.jpg 1600w\" sizes=\"auto, (max-width: 1024px) 100vw, 1024px\" \/><\/figure>\n\n\n\n<figure class=\"wp-block-image size-large\"><img loading=\"lazy\" decoding=\"async\" width=\"1024\" height=\"768\" data-id=\"884\" src=\"https:\/\/www.heimatmuseum-erbenheim.de\/wp-content\/uploads\/2021\/02\/P1040646-1024x768.jpg\" alt=\"\" class=\"wp-image-884\" srcset=\"https:\/\/www.heimatmuseum-erbenheim.de\/wp-content\/uploads\/2021\/02\/P1040646-1024x768.jpg 1024w, https:\/\/www.heimatmuseum-erbenheim.de\/wp-content\/uploads\/2021\/02\/P1040646-300x225.jpg 300w, https:\/\/www.heimatmuseum-erbenheim.de\/wp-content\/uploads\/2021\/02\/P1040646-768x576.jpg 768w, https:\/\/www.heimatmuseum-erbenheim.de\/wp-content\/uploads\/2021\/02\/P1040646-1536x1152.jpg 1536w, https:\/\/www.heimatmuseum-erbenheim.de\/wp-content\/uploads\/2021\/02\/P1040646-2048x1536.jpg 2048w, https:\/\/www.heimatmuseum-erbenheim.de\/wp-content\/uploads\/2021\/02\/P1040646-1600x1200.jpg 1600w\" sizes=\"auto, (max-width: 1024px) 100vw, 1024px\" \/><\/figure>\n<figcaption class=\"blocks-gallery-caption wp-element-caption\">Impressionen aus unserer Dauerausstellung<\/figcaption><\/figure>\n","protected":false},"excerpt":{"rendered":"<p>befindet sich im ehemaligen Erbenheimer RathausWandersmannstrasse 2565205 Wiesbaden-Erbenheim(Keine postalische Adresse des Vereins, siehe Impressum) \u00d6ffnungszeiten Jeweils am letzten Sonntag eines Monats von 14:00 Uhr bis 17:00 Uhr. Zus\u00e4tzliche \u00d6ffnungszeiten oder \u00c4nderungen werden in den Tageszeitungen bzw. auf unserer Internetseite angek\u00fcndigt.Sonderf\u00fchrungen<\/p>\n","protected":false},"author":1,"featured_media":0,"parent":0,"menu_order":0,"comment_status":"closed","ping_status":"closed","template":"","meta":{"footnotes":""},"class_list":["post-812","page","type-page","status-publish","hentry"],"_links":{"self":[{"href":"https:\/\/www.heimatmuseum-erbenheim.de\/index.php?rest_route=\/wp\/v2\/pages\/812","targetHints":{"allow":["GET"]}}],"collection":[{"href":"https:\/\/www.heimatmuseum-erbenheim.de\/index.php?rest_route=\/wp\/v2\/pages"}],"about":[{"href":"https:\/\/www.heimatmuseum-erbenheim.de\/index.php?rest_route=\/wp\/v2\/types\/page"}],"author":[{"embeddable":true,"href":"https:\/\/www.heimatmuseum-erbenheim.de\/index.php?rest_route=\/wp\/v2\/users\/1"}],"replies":[{"embeddable":true,"href":"https:\/\/www.heimatmuseum-erbenheim.de\/index.php?rest_route=%2Fwp%2Fv2%2Fcomments&post=812"}],"version-history":[{"count":29,"href":"https:\/\/www.heimatmuseum-erbenheim.de\/index.php?rest_route=\/wp\/v2\/pages\/812\/revisions"}],"predecessor-version":[{"id":4583,"href":"https:\/\/www.heimatmuseum-erbenheim.de\/index.php?rest_route=\/wp\/v2\/pages\/812\/revisions\/4583"}],"wp:attachment":[{"href":"https:\/\/www.heimatmuseum-erbenheim.de\/index.php?rest_route=%2Fwp%2Fv2%2Fmedia&parent=812"}],"curies":[{"name":"wp","href":"https:\/\/api.w.org\/{rel}","templated":true}]}}

<p>befindet sich im ehemaligen Erbenheimer Rathaus<br>Wandersmannstrasse 25<br>65205 Wiesbaden-Erbenheim<br>(Keine postalische Adresse des Vereins, siehe Impressum)</p>



<h3 class="wp-block-heading" id="offnungszeiten-des-museums"><strong>Öffnungszeiten</strong></h3>



<p>Jeweils am letzten Sonntag eines Monats von 14:00 Uhr bis 17:00 Uhr.  Zusätzliche Öffnungszeiten oder Änderungen werden in den Tageszeitungen bzw. auf unserer Internetseite angekündigt.<br>Sonderführungen auch auf Anfrage bei einem der Vorstandsmitglieder.</p>



<h3 class="wp-block-heading"><strong>Ausstellung</strong></h3>



<p>Das Museum zeigt die Entwicklung von der Römer- und Frankenzeit, über die erste urkundliche Erwähnung im Jahr 927 bis zum Verkehrsknotenpunkt als heutigem Wiesbadener Vorort. Dazu gehört auch der Weg von der ehemaligen Pferderennbahn zur amerikanischen Airbase.<br>Weiterhin behandeln wir zahlreiche Themen der örtlichen Entwicklung, wie dem ehemaligen Erbenheimer Bahnhof und die Ländchesbahn, die Erbenheimer Schulen und Erbenheims Beitrag zur Milchversorgung Wiesbadens. Historischen Karten und Fotografien von Erbenheim bis Nassau runden das Angebot ab.</p>



<p>Zusätzlich präsentieren wir zeitlich begrenzte Sonderausstellungen.</p>



<p>Außerdem haben wir eine umfangreiche Bibliothek zu heimatgeschichtlichen Themen und das <a href="https://www.heimatmuseum-erbenheim.de/wp-content/uploads/2026/03/IndexEA_V7.pdf" data-type="link" data-id="https://www.heimatmuseum-erbenheim.de/wp-content/uploads/2024/11/IndexEA_V5.pdf" target="_blank" rel="noreferrer noopener">Archiv des &#8222;Erbenheimer Anzeigers&#8220;</a>, die beide bei Bedarf von Jedem eingesehen werden können.</p>



<figure class="wp-block-gallery has-nested-images columns-default is-cropped wp-block-gallery-1 is-layout-flex wp-block-gallery-is-layout-flex">
<figure class="wp-block-image size-large"><img loading="lazy" decoding="async" width="1024" height="768" data-id="1651" src="https://www.heimatmuseum-erbenheim.de/wp-content/uploads/2022/01/P1040800-1024x768.jpg" alt="" class="wp-image-1651" srcset="https://www.heimatmuseum-erbenheim.de/wp-content/uploads/2022/01/P1040800-1024x768.jpg 1024w, https://www.heimatmuseum-erbenheim.de/wp-content/uploads/2022/01/P1040800-300x225.jpg 300w, https://www.heimatmuseum-erbenheim.de/wp-content/uploads/2022/01/P1040800-768x576.jpg 768w, https://www.heimatmuseum-erbenheim.de/wp-content/uploads/2022/01/P1040800-1536x1152.jpg 1536w, https://www.heimatmuseum-erbenheim.de/wp-content/uploads/2022/01/P1040800-2048x1536.jpg 2048w" sizes="auto, (max-width: 1024px) 100vw, 1024px" /></figure>



<figure class="wp-block-image size-large"><img loading="lazy" decoding="async" width="400" height="300" data-id="895" src="https://www.heimatmuseum-erbenheim.de/wp-content/uploads/2021/02/Erbenheim-Tranchot-e1612518211544.jpg" alt="" class="wp-image-895" srcset="https://www.heimatmuseum-erbenheim.de/wp-content/uploads/2021/02/Erbenheim-Tranchot-e1612518211544.jpg 400w, https://www.heimatmuseum-erbenheim.de/wp-content/uploads/2021/02/Erbenheim-Tranchot-e1612518211544-300x225.jpg 300w" sizes="auto, (max-width: 400px) 100vw, 400px" /></figure>



<figure class="wp-block-image size-large"><img loading="lazy" decoding="async" width="1024" height="768" data-id="885" src="https://www.heimatmuseum-erbenheim.de/wp-content/uploads/2021/02/P1040649-1024x768.jpg" alt="" class="wp-image-885" srcset="https://www.heimatmuseum-erbenheim.de/wp-content/uploads/2021/02/P1040649-1024x768.jpg 1024w, https://www.heimatmuseum-erbenheim.de/wp-content/uploads/2021/02/P1040649-300x225.jpg 300w, https://www.heimatmuseum-erbenheim.de/wp-content/uploads/2021/02/P1040649-768x576.jpg 768w, https://www.heimatmuseum-erbenheim.de/wp-content/uploads/2021/02/P1040649-1536x1152.jpg 1536w, https://www.heimatmuseum-erbenheim.de/wp-content/uploads/2021/02/P1040649-2048x1536.jpg 2048w, https://www.heimatmuseum-erbenheim.de/wp-content/uploads/2021/02/P1040649-1600x1200.jpg 1600w" sizes="auto, (max-width: 1024px) 100vw, 1024px" /></figure>



<figure class="wp-block-image size-large"><img loading="lazy" decoding="async" width="1024" height="662" data-id="1188" src="https://www.heimatmuseum-erbenheim.de/wp-content/uploads/2021/08/Schusterecke-1024x662.jpg" alt="" class="wp-image-1188" srcset="https://www.heimatmuseum-erbenheim.de/wp-content/uploads/2021/08/Schusterecke-1024x662.jpg 1024w, https://www.heimatmuseum-erbenheim.de/wp-content/uploads/2021/08/Schusterecke-300x194.jpg 300w, https://www.heimatmuseum-erbenheim.de/wp-content/uploads/2021/08/Schusterecke-768x496.jpg 768w, https://www.heimatmuseum-erbenheim.de/wp-content/uploads/2021/08/Schusterecke-1536x993.jpg 1536w, https://www.heimatmuseum-erbenheim.de/wp-content/uploads/2021/08/Schusterecke-2048x1323.jpg 2048w" sizes="auto, (max-width: 1024px) 100vw, 1024px" /></figure>



<figure class="wp-block-image size-large"><img loading="lazy" decoding="async" width="1024" height="768" data-id="883" src="https://www.heimatmuseum-erbenheim.de/wp-content/uploads/2021/02/P1040648-1024x768.jpg" alt="" class="wp-image-883" srcset="https://www.heimatmuseum-erbenheim.de/wp-content/uploads/2021/02/P1040648-1024x768.jpg 1024w, https://www.heimatmuseum-erbenheim.de/wp-content/uploads/2021/02/P1040648-300x225.jpg 300w, https://www.heimatmuseum-erbenheim.de/wp-content/uploads/2021/02/P1040648-768x576.jpg 768w, https://www.heimatmuseum-erbenheim.de/wp-content/uploads/2021/02/P1040648-1536x1152.jpg 1536w, https://www.heimatmuseum-erbenheim.de/wp-content/uploads/2021/02/P1040648-2048x1536.jpg 2048w, https://www.heimatmuseum-erbenheim.de/wp-content/uploads/2021/02/P1040648-1600x1200.jpg 1600w" sizes="auto, (max-width: 1024px) 100vw, 1024px" /></figure>



<figure class="wp-block-image size-large"><img loading="lazy" decoding="async" width="1024" height="768" data-id="884" src="https://www.heimatmuseum-erbenheim.de/wp-content/uploads/2021/02/P1040646-1024x768.jpg" alt="" class="wp-image-884" srcset="https://www.heimatmuseum-erbenheim.de/wp-content/uploads/2021/02/P1040646-1024x768.jpg 1024w, https://www.heimatmuseum-erbenheim.de/wp-content/uploads/2021/02/P1040646-300x225.jpg 300w, https://www.heimatmuseum-erbenheim.de/wp-content/uploads/2021/02/P1040646-768x576.jpg 768w, https://www.heimatmuseum-erbenheim.de/wp-content/uploads/2021/02/P1040646-1536x1152.jpg 1536w, https://www.heimatmuseum-erbenheim.de/wp-content/uploads/2021/02/P1040646-2048x1536.jpg 2048w, https://www.heimatmuseum-erbenheim.de/wp-content/uploads/2021/02/P1040646-1600x1200.jpg 1600w" sizes="auto, (max-width: 1024px) 100vw, 1024px" /></figure>
<figcaption class="blocks-gallery-caption wp-element-caption">Impressionen aus unserer Dauerausstellung</figcaption></figure>

<p>befindet sich im ehemaligen Erbenheimer RathausWandersmannstrasse 2565205 Wiesbaden-Erbenheim(Keine postalische Adresse des Vereins, siehe Impressum) Öffnungszeiten Jeweils am letzten Sonntag eines Monats von 14:00 Uhr bis 17:00 Uhr. Zusätzliche Öffnungszeiten oder Änderungen werden in den Tageszeitungen bzw. auf unserer Internetseite angekündigt.Sonderführungen</p>
