{"id":65,"date":"2019-12-13T10:12:15","date_gmt":"2019-12-13T09:12:15","guid":{"rendered":"https:\/\/www.heimatmuseum-erbenheim.de\/?page_id=65"},"modified":"2022-01-27T14:45:39","modified_gmt":"2022-01-27T13:45:39","slug":"mitglied-werden","status":"publish","type":"page","link":"https:\/\/www.heimatmuseum-erbenheim.de\/?page_id=65","title":{"rendered":"Mitglied werden \/ Spenden"},"content":{"rendered":"\n<h2 class=\"wp-block-heading\" id=\"werden-sie-vereinsmitglied\">Werden Sie Vereinsmitglied<\/h2>\n\n\n\n<p>Wir freuen uns \u00fcber neue Mitglieder. Falls  Sie Interesse haben, wenden Sie sich bitte an unseren Vorstand (siehe  <a href=\"https:\/\/www.heimatmuseum-erbenheim.de\/?page_id=68\" data-type=\"page\" data-id=\"68\">Impressum<\/a>).<\/p>\n\n\n\n<p>Der Jahresbeitrag betr\u00e4gt zur Zeit 12 Euro.   <\/p>\n\n\n\n<h2 class=\"wp-block-heading\" id=\"spenden\">Spenden<\/h2>\n\n\n\n<p>Ein kleiner Verein wie der Verein Heimatmuseum Erbenheim e.V. ist nat\u00fcrlich finanziell nicht \u00fcppig ausgestattet. Miete und Energiekosten k\u00f6nnen nur mit Hilfe von Zusch\u00fcssen geleistet werden. Wir freuen uns daher \u00fcber jede noch so kleine finanzielle Unterst\u00fctzung. Als gemeinn\u00fctziger Verein k\u00f6nnen wir Zuwendungsbest\u00e4tigungen (Spendenquittungen) ausstellen.<br>Bei Kleinspenden bis 100\u20ac gen\u00fcgt als Nachweis der Bareinzahlungsbeleg oder die Buchungsbest\u00e4tigung des Kreditinstituts <em>und<\/em> der vom Verein erstellte Beleg mit den entsprechenden Angaben. Bei Interesse wenden Sie sich gerne an unseren Vorstand (siehe <a href=\"https:\/\/www.heimatmuseum-erbenheim.de\/?page_id=68\" data-type=\"page\" data-id=\"68\">Impressum<\/a>).<\/p>\n","protected":false},"excerpt":{"rendered":"<p>Werden Sie Vereinsmitglied Wir freuen uns \u00fcber neue Mitglieder. Falls Sie Interesse haben, wenden Sie sich bitte an unseren Vorstand (siehe Impressum). Der Jahresbeitrag betr\u00e4gt zur Zeit 12 Euro. Spenden Ein kleiner Verein wie der Verein Heimatmuseum Erbenheim e.V. ist<\/p>\n","protected":false},"author":1,"featured_media":0,"parent":0,"menu_order":0,"comment_status":"closed","ping_status":"closed","template":"","meta":{"footnotes":""},"class_list":["post-65","page","type-page","status-publish","hentry"],"_links":{"self":[{"href":"https:\/\/www.heimatmuseum-erbenheim.de\/index.php?rest_route=\/wp\/v2\/pages\/65","targetHints":{"allow":["GET"]}}],"collection":[{"href":"https:\/\/www.heimatmuseum-erbenheim.de\/index.php?rest_route=\/wp\/v2\/pages"}],"about":[{"href":"https:\/\/www.heimatmuseum-erbenheim.de\/index.php?rest_route=\/wp\/v2\/types\/page"}],"author":[{"embeddable":true,"href":"https:\/\/www.heimatmuseum-erbenheim.de\/index.php?rest_route=\/wp\/v2\/users\/1"}],"replies":[{"embeddable":true,"href":"https:\/\/www.heimatmuseum-erbenheim.de\/index.php?rest_route=%2Fwp%2Fv2%2Fcomments&post=65"}],"version-history":[{"count":13,"href":"https:\/\/www.heimatmuseum-erbenheim.de\/index.php?rest_route=\/wp\/v2\/pages\/65\/revisions"}],"predecessor-version":[{"id":1626,"href":"https:\/\/www.heimatmuseum-erbenheim.de\/index.php?rest_route=\/wp\/v2\/pages\/65\/revisions\/1626"}],"wp:attachment":[{"href":"https:\/\/www.heimatmuseum-erbenheim.de\/index.php?rest_route=%2Fwp%2Fv2%2Fmedia&parent=65"}],"curies":[{"name":"wp","href":"https:\/\/api.w.org\/{rel}","templated":true}]}}