{"id":62,"date":"2019-12-13T10:09:23","date_gmt":"2019-12-13T09:09:23","guid":{"rendered":"https:\/\/www.heimatmuseum-erbenheim.de\/?page_id=62"},"modified":"2026-04-16T09:14:13","modified_gmt":"2026-04-16T07:14:13","slug":"heiraten-im-heimatmuseum-erbenheim","status":"publish","type":"page","link":"https:\/\/www.heimatmuseum-erbenheim.de\/?page_id=62","title":{"rendered":"Heiraten"},"content":{"rendered":"\n<h3 class=\"wp-block-heading\" id=\"trauungstermine-im-erbenheimer-rathaussaal\">Trauungstermine im Erbenheimer Rathaussaal<\/h3>\n\n\n\n<p>Am idyllischen Erbenheimer Kirchplatz hat die damals noch selbstst\u00e4ndige Gemeinde Erbenheim ab 1834 ein neues Haus f\u00fcr die Dorfschule errichtet. Sp\u00e4ter wurde es als Rathaus genutzt und auch Trauungen beurkundet. Mit der Eingemeindung zu Wiesbaden im Jahre 1928 wurde es Sitz der Verwaltungsstelle. Hier gingen Generationen von Erbenheimern zur Schule, hier tagte der Gemeinderat, hier besuchte man den B\u00fcrgermeister, hier wird das &#8222;Ja&#8220; zur Ehe besiegelt.<br>Das Heimatmuseum wurde im ehemaligen Rathaus von Erbenheim von unserem Verein eingerichtet. Wir haben im 1. Obergescho\u00df einen Festsaal, der auch als Dependance des Wiesbadener Standesamtes zur Verf\u00fcgung steht (nicht barrierefrei, Treppenstufen).<\/p>\n\n\n\n<figure class=\"wp-block-gallery has-nested-images columns-default is-cropped wp-block-gallery-1 is-layout-flex wp-block-gallery-is-layout-flex\">\n<figure class=\"wp-block-image size-large\"><a href=\"https:\/\/www.heimatmuseum-erbenheim.de\/wp-content\/uploads\/2020\/07\/2018-HZ-Saal3.jpg\"><img loading=\"lazy\" decoding=\"async\" width=\"466\" height=\"353\" data-id=\"427\" src=\"https:\/\/www.heimatmuseum-erbenheim.de\/wp-content\/uploads\/2020\/07\/2018-HZ-Saal3.jpg\" alt=\"\" class=\"wp-image-427\" srcset=\"https:\/\/www.heimatmuseum-erbenheim.de\/wp-content\/uploads\/2020\/07\/2018-HZ-Saal3.jpg 466w, https:\/\/www.heimatmuseum-erbenheim.de\/wp-content\/uploads\/2020\/07\/2018-HZ-Saal3-300x227.jpg 300w\" sizes=\"auto, (max-width: 466px) 100vw, 466px\" \/><\/a><\/figure>\n\n\n\n<figure class=\"wp-block-image size-large\"><a href=\"https:\/\/www.heimatmuseum-erbenheim.de\/wp-content\/uploads\/2020\/07\/2018-HZ-Saal1.jpg\"><img loading=\"lazy\" decoding=\"async\" width=\"463\" height=\"354\" data-id=\"433\" src=\"https:\/\/www.heimatmuseum-erbenheim.de\/wp-content\/uploads\/2020\/07\/2018-HZ-Saal1.jpg\" alt=\"\" class=\"wp-image-433\" srcset=\"https:\/\/www.heimatmuseum-erbenheim.de\/wp-content\/uploads\/2020\/07\/2018-HZ-Saal1.jpg 463w, https:\/\/www.heimatmuseum-erbenheim.de\/wp-content\/uploads\/2020\/07\/2018-HZ-Saal1-300x229.jpg 300w\" sizes=\"auto, (max-width: 463px) 100vw, 463px\" \/><\/a><\/figure>\n<\/figure>\n\n\n\n<p>Bei der Trauung stehen 40 Sitzpl\u00e4tze zur Verf\u00fcgung. Die maximal erlaubte Anzahl an Personen im Festsaal ist 45.<\/p>\n\n\n\n<p>Nach der Trauung kann auf dem sch\u00f6n renovierten Kirchplatz an Stehtischen noch kurz auf das Wohl des Brautpaares angesto\u00dfen werden. Stehtische stellt das Heimatmuseum auf Wunsch zur Verf\u00fcgung. Die Bewirtung erfolgt durch die Hochzeitsgesellschaft selbst.<br>Das Standesamt f\u00fchrt eventuell mehrere Trauungen in Folge an diesem Tag durch. Es kann somit zu<br>Behinderungen bei ihrem Trautermin und einem geplanten Umtrunk (ohne Musik) f\u00fchren.<\/p>\n\n\n\n<p>Innerhalb des Geb\u00e4udes ist das ausstreuen jeglicher Gegenst\u00e4nde (egal ob nat\u00fcrlich oder k\u00fcnstlich) nicht erlaubt. Im Au\u00dfenbereich sollen aus Gr\u00fcnden der Umwelt und der Nachhaltigkeit keine k\u00fcnstlichen Gegenst\u00e4nde ausgestreut werden.<\/p>\n\n\n\n<p>F\u00fcr die Pflege und Erhaltung der Einrichtung ist eine Mindestspende von 100 Euro zu entrichten.<\/p>\n\n\n\n<p>Bei Interesse kontaktieren Sie bitte die<br><strong>Ortsverwaltung Bierstadt, Poststrasse 11 A, 65191 Wiesbaden-Bierstadt, Telefon 0611 31-7240.<\/strong><br>Diese stimmt alles mit dem Heimatmuseum ab.<\/p>\n\n\n\n<p><strong>Download:<br><a href=\"https:\/\/www.heimatmuseum-erbenheim.de\/wp-content\/uploads\/2026\/04\/Hochzeit-Flyer-2026-HME-04-12.pdf\" target=\"_blank\" rel=\"noreferrer noopener\">Kurzinformation &#8222;Heiraten im Heimatmuseum Erbenheim&#8220;<\/a><\/strong><\/p>\n\n\n\n<p>Ansprechpartner des Heimatmuseums f\u00fcr eine Besichtigung oder Fragen zu der Trauungsst\u00e4tte ist der Vorstand.<br>E-Mail: <a href=\"mailto:hochzeit(Trennzeichen)heimatmuseum-erbenheim.de\">hochzeit(Trennzeichen)heimatmuseum-erbenheim.de<\/a><\/p>\n\n\n\n<figure class=\"wp-block-gallery has-nested-images columns-default is-cropped wp-block-gallery-2 is-layout-flex wp-block-gallery-is-layout-flex\">\n<figure class=\"wp-block-image size-large\"><a href=\"https:\/\/www.heimatmuseum-erbenheim.de\/wp-content\/uploads\/2020\/07\/2018-HZ-Aussen1.jpg\"><img loading=\"lazy\" decoding=\"async\" width=\"465\" height=\"353\" data-id=\"430\" src=\"https:\/\/www.heimatmuseum-erbenheim.de\/wp-content\/uploads\/2020\/07\/2018-HZ-Aussen1.jpg\" alt=\"\" class=\"wp-image-430\" srcset=\"https:\/\/www.heimatmuseum-erbenheim.de\/wp-content\/uploads\/2020\/07\/2018-HZ-Aussen1.jpg 465w, https:\/\/www.heimatmuseum-erbenheim.de\/wp-content\/uploads\/2020\/07\/2018-HZ-Aussen1-300x228.jpg 300w\" sizes=\"auto, (max-width: 465px) 100vw, 465px\" \/><\/a><\/figure>\n\n\n\n<figure class=\"wp-block-image size-large\"><a href=\"https:\/\/www.heimatmuseum-erbenheim.de\/wp-content\/uploads\/2020\/07\/2018-HZ-Aussen2.jpg\"><img loading=\"lazy\" decoding=\"async\" width=\"466\" height=\"324\" data-id=\"431\" src=\"https:\/\/www.heimatmuseum-erbenheim.de\/wp-content\/uploads\/2020\/07\/2018-HZ-Aussen2.jpg\" alt=\"\" class=\"wp-image-431\" srcset=\"https:\/\/www.heimatmuseum-erbenheim.de\/wp-content\/uploads\/2020\/07\/2018-HZ-Aussen2.jpg 466w, https:\/\/www.heimatmuseum-erbenheim.de\/wp-content\/uploads\/2020\/07\/2018-HZ-Aussen2-300x209.jpg 300w\" sizes=\"auto, (max-width: 466px) 100vw, 466px\" \/><\/a><\/figure>\n\n\n\n<figure class=\"wp-block-image size-medium\"><a href=\"https:\/\/www.heimatmuseum-erbenheim.de\/wp-content\/uploads\/2022\/02\/Kirchplatz-Hochzeit.jpg\"><img loading=\"lazy\" decoding=\"async\" width=\"300\" height=\"230\" data-id=\"1745\" src=\"https:\/\/www.heimatmuseum-erbenheim.de\/wp-content\/uploads\/2022\/02\/Kirchplatz-Hochzeit-300x230.jpg\" alt=\"\" class=\"wp-image-1745\" srcset=\"https:\/\/www.heimatmuseum-erbenheim.de\/wp-content\/uploads\/2022\/02\/Kirchplatz-Hochzeit-300x230.jpg 300w, https:\/\/www.heimatmuseum-erbenheim.de\/wp-content\/uploads\/2022\/02\/Kirchplatz-Hochzeit.jpg 486w\" sizes=\"auto, (max-width: 300px) 100vw, 300px\" \/><\/a><\/figure>\n\n\n\n<figure class=\"wp-block-image size-large\"><a href=\"https:\/\/www.heimatmuseum-erbenheim.de\/wp-content\/uploads\/2020\/07\/2018-HZ-Saal4.jpg\"><img loading=\"lazy\" decoding=\"async\" width=\"465\" height=\"354\" data-id=\"428\" src=\"https:\/\/www.heimatmuseum-erbenheim.de\/wp-content\/uploads\/2020\/07\/2018-HZ-Saal4.jpg\" alt=\"\" class=\"wp-image-428\" srcset=\"https:\/\/www.heimatmuseum-erbenheim.de\/wp-content\/uploads\/2020\/07\/2018-HZ-Saal4.jpg 465w, https:\/\/www.heimatmuseum-erbenheim.de\/wp-content\/uploads\/2020\/07\/2018-HZ-Saal4-300x228.jpg 300w\" sizes=\"auto, (max-width: 465px) 100vw, 465px\" \/><\/a><\/figure>\n\n\n\n<figure class=\"wp-block-image size-large\"><a href=\"https:\/\/www.heimatmuseum-erbenheim.de\/wp-content\/uploads\/2020\/07\/2018-HZ-Saal2.jpg\"><img loading=\"lazy\" decoding=\"async\" width=\"467\" height=\"354\" data-id=\"434\" src=\"https:\/\/www.heimatmuseum-erbenheim.de\/wp-content\/uploads\/2020\/07\/2018-HZ-Saal2.jpg\" alt=\"\" class=\"wp-image-434\" srcset=\"https:\/\/www.heimatmuseum-erbenheim.de\/wp-content\/uploads\/2020\/07\/2018-HZ-Saal2.jpg 467w, https:\/\/www.heimatmuseum-erbenheim.de\/wp-content\/uploads\/2020\/07\/2018-HZ-Saal2-300x227.jpg 300w\" sizes=\"auto, (max-width: 467px) 100vw, 467px\" \/><\/a><\/figure>\n<\/figure>\n","protected":false},"excerpt":{"rendered":"<p>Trauungstermine im Erbenheimer Rathaussaal Am idyllischen Erbenheimer Kirchplatz hat die damals noch selbstst\u00e4ndige Gemeinde Erbenheim ab 1834 ein neues Haus f\u00fcr die Dorfschule errichtet. Sp\u00e4ter wurde es als Rathaus genutzt und auch Trauungen beurkundet. Mit der Eingemeindung zu Wiesbaden im<\/p>\n","protected":false},"author":1,"featured_media":0,"parent":0,"menu_order":0,"comment_status":"closed","ping_status":"closed","template":"","meta":{"footnotes":""},"class_list":["post-62","page","type-page","status-publish","hentry"],"_links":{"self":[{"href":"https:\/\/www.heimatmuseum-erbenheim.de\/index.php?rest_route=\/wp\/v2\/pages\/62","targetHints":{"allow":["GET"]}}],"collection":[{"href":"https:\/\/www.heimatmuseum-erbenheim.de\/index.php?rest_route=\/wp\/v2\/pages"}],"about":[{"href":"https:\/\/www.heimatmuseum-erbenheim.de\/index.php?rest_route=\/wp\/v2\/types\/page"}],"author":[{"embeddable":true,"href":"https:\/\/www.heimatmuseum-erbenheim.de\/index.php?rest_route=\/wp\/v2\/users\/1"}],"replies":[{"embeddable":true,"href":"https:\/\/www.heimatmuseum-erbenheim.de\/index.php?rest_route=%2Fwp%2Fv2%2Fcomments&post=62"}],"version-history":[{"count":41,"href":"https:\/\/www.heimatmuseum-erbenheim.de\/index.php?rest_route=\/wp\/v2\/pages\/62\/revisions"}],"predecessor-version":[{"id":4625,"href":"https:\/\/www.heimatmuseum-erbenheim.de\/index.php?rest_route=\/wp\/v2\/pages\/62\/revisions\/4625"}],"wp:attachment":[{"href":"https:\/\/www.heimatmuseum-erbenheim.de\/index.php?rest_route=%2Fwp%2Fv2%2Fmedia&parent=62"}],"curies":[{"name":"wp","href":"https:\/\/api.w.org\/{rel}","templated":true}]}}

<h3 class="wp-block-heading" id="trauungstermine-im-erbenheimer-rathaussaal">Trauungstermine im Erbenheimer Rathaussaal</h3>



<p>Am idyllischen Erbenheimer Kirchplatz hat die damals noch selbstständige Gemeinde Erbenheim ab 1834 ein neues Haus für die Dorfschule errichtet. Später wurde es als Rathaus genutzt und auch Trauungen beurkundet. Mit der Eingemeindung zu Wiesbaden im Jahre 1928 wurde es Sitz der Verwaltungsstelle. Hier gingen Generationen von Erbenheimern zur Schule, hier tagte der Gemeinderat, hier besuchte man den Bürgermeister, hier wird das &#8222;Ja&#8220; zur Ehe besiegelt.<br>Das Heimatmuseum wurde im ehemaligen Rathaus von Erbenheim von unserem Verein eingerichtet. Wir haben im 1. Obergeschoß einen Festsaal, der auch als Dependance des Wiesbadener Standesamtes zur Verfügung steht (nicht barrierefrei, Treppenstufen).</p>



<figure class="wp-block-gallery has-nested-images columns-default is-cropped wp-block-gallery-1 is-layout-flex wp-block-gallery-is-layout-flex">
<figure class="wp-block-image size-large"><a href="https://www.heimatmuseum-erbenheim.de/wp-content/uploads/2020/07/2018-HZ-Saal3.jpg"><img loading="lazy" decoding="async" width="466" height="353" data-id="427" src="https://www.heimatmuseum-erbenheim.de/wp-content/uploads/2020/07/2018-HZ-Saal3.jpg" alt="" class="wp-image-427" srcset="https://www.heimatmuseum-erbenheim.de/wp-content/uploads/2020/07/2018-HZ-Saal3.jpg 466w, https://www.heimatmuseum-erbenheim.de/wp-content/uploads/2020/07/2018-HZ-Saal3-300x227.jpg 300w" sizes="auto, (max-width: 466px) 100vw, 466px" /></a></figure>



<figure class="wp-block-image size-large"><a href="https://www.heimatmuseum-erbenheim.de/wp-content/uploads/2020/07/2018-HZ-Saal1.jpg"><img loading="lazy" decoding="async" width="463" height="354" data-id="433" src="https://www.heimatmuseum-erbenheim.de/wp-content/uploads/2020/07/2018-HZ-Saal1.jpg" alt="" class="wp-image-433" srcset="https://www.heimatmuseum-erbenheim.de/wp-content/uploads/2020/07/2018-HZ-Saal1.jpg 463w, https://www.heimatmuseum-erbenheim.de/wp-content/uploads/2020/07/2018-HZ-Saal1-300x229.jpg 300w" sizes="auto, (max-width: 463px) 100vw, 463px" /></a></figure>
</figure>



<p>Bei der Trauung stehen 40 Sitzplätze zur Verfügung. Die maximal erlaubte Anzahl an Personen im Festsaal ist 45.</p>



<p>Nach der Trauung kann auf dem schön renovierten Kirchplatz an Stehtischen noch kurz auf das Wohl des Brautpaares angestoßen werden. Stehtische stellt das Heimatmuseum auf Wunsch zur Verfügung. Die Bewirtung erfolgt durch die Hochzeitsgesellschaft selbst.<br>Das Standesamt führt eventuell mehrere Trauungen in Folge an diesem Tag durch. Es kann somit zu<br>Behinderungen bei ihrem Trautermin und einem geplanten Umtrunk (ohne Musik) führen.</p>



<p>Innerhalb des Gebäudes ist das ausstreuen jeglicher Gegenstände (egal ob natürlich oder künstlich) nicht erlaubt. Im Außenbereich sollen aus Gründen der Umwelt und der Nachhaltigkeit keine künstlichen Gegenstände ausgestreut werden.</p>



<p>Für die Pflege und Erhaltung der Einrichtung ist eine Mindestspende von 100 Euro zu entrichten.</p>



<p>Bei Interesse kontaktieren Sie bitte die<br><strong>Ortsverwaltung Bierstadt, Poststrasse 11 A, 65191 Wiesbaden-Bierstadt, Telefon 0611 31-7240.</strong><br>Diese stimmt alles mit dem Heimatmuseum ab.</p>



<p><strong>Download:<br><a href="https://www.heimatmuseum-erbenheim.de/wp-content/uploads/2026/04/Hochzeit-Flyer-2026-HME-04-12.pdf" target="_blank" rel="noreferrer noopener">Kurzinformation &#8222;Heiraten im Heimatmuseum Erbenheim&#8220;</a></strong></p>



<p>Ansprechpartner des Heimatmuseums für eine Besichtigung oder Fragen zu der Trauungsstätte ist der Vorstand.<br>E-Mail: <a href="mailto:hochzeit(Trennzeichen)heimatmuseum-erbenheim.de">hochzeit(Trennzeichen)heimatmuseum-erbenheim.de</a></p>



<figure class="wp-block-gallery has-nested-images columns-default is-cropped wp-block-gallery-2 is-layout-flex wp-block-gallery-is-layout-flex">
<figure class="wp-block-image size-large"><a href="https://www.heimatmuseum-erbenheim.de/wp-content/uploads/2020/07/2018-HZ-Aussen1.jpg"><img loading="lazy" decoding="async" width="465" height="353" data-id="430" src="https://www.heimatmuseum-erbenheim.de/wp-content/uploads/2020/07/2018-HZ-Aussen1.jpg" alt="" class="wp-image-430" srcset="https://www.heimatmuseum-erbenheim.de/wp-content/uploads/2020/07/2018-HZ-Aussen1.jpg 465w, https://www.heimatmuseum-erbenheim.de/wp-content/uploads/2020/07/2018-HZ-Aussen1-300x228.jpg 300w" sizes="auto, (max-width: 465px) 100vw, 465px" /></a></figure>



<figure class="wp-block-image size-large"><a href="https://www.heimatmuseum-erbenheim.de/wp-content/uploads/2020/07/2018-HZ-Aussen2.jpg"><img loading="lazy" decoding="async" width="466" height="324" data-id="431" src="https://www.heimatmuseum-erbenheim.de/wp-content/uploads/2020/07/2018-HZ-Aussen2.jpg" alt="" class="wp-image-431" srcset="https://www.heimatmuseum-erbenheim.de/wp-content/uploads/2020/07/2018-HZ-Aussen2.jpg 466w, https://www.heimatmuseum-erbenheim.de/wp-content/uploads/2020/07/2018-HZ-Aussen2-300x209.jpg 300w" sizes="auto, (max-width: 466px) 100vw, 466px" /></a></figure>



<figure class="wp-block-image size-medium"><a href="https://www.heimatmuseum-erbenheim.de/wp-content/uploads/2022/02/Kirchplatz-Hochzeit.jpg"><img loading="lazy" decoding="async" width="300" height="230" data-id="1745" src="https://www.heimatmuseum-erbenheim.de/wp-content/uploads/2022/02/Kirchplatz-Hochzeit-300x230.jpg" alt="" class="wp-image-1745" srcset="https://www.heimatmuseum-erbenheim.de/wp-content/uploads/2022/02/Kirchplatz-Hochzeit-300x230.jpg 300w, https://www.heimatmuseum-erbenheim.de/wp-content/uploads/2022/02/Kirchplatz-Hochzeit.jpg 486w" sizes="auto, (max-width: 300px) 100vw, 300px" /></a></figure>



<figure class="wp-block-image size-large"><a href="https://www.heimatmuseum-erbenheim.de/wp-content/uploads/2020/07/2018-HZ-Saal4.jpg"><img loading="lazy" decoding="async" width="465" height="354" data-id="428" src="https://www.heimatmuseum-erbenheim.de/wp-content/uploads/2020/07/2018-HZ-Saal4.jpg" alt="" class="wp-image-428" srcset="https://www.heimatmuseum-erbenheim.de/wp-content/uploads/2020/07/2018-HZ-Saal4.jpg 465w, https://www.heimatmuseum-erbenheim.de/wp-content/uploads/2020/07/2018-HZ-Saal4-300x228.jpg 300w" sizes="auto, (max-width: 465px) 100vw, 465px" /></a></figure>



<figure class="wp-block-image size-large"><a href="https://www.heimatmuseum-erbenheim.de/wp-content/uploads/2020/07/2018-HZ-Saal2.jpg"><img loading="lazy" decoding="async" width="467" height="354" data-id="434" src="https://www.heimatmuseum-erbenheim.de/wp-content/uploads/2020/07/2018-HZ-Saal2.jpg" alt="" class="wp-image-434" srcset="https://www.heimatmuseum-erbenheim.de/wp-content/uploads/2020/07/2018-HZ-Saal2.jpg 467w, https://www.heimatmuseum-erbenheim.de/wp-content/uploads/2020/07/2018-HZ-Saal2-300x227.jpg 300w" sizes="auto, (max-width: 467px) 100vw, 467px" /></a></figure>
</figure>

<p>Trauungstermine im Erbenheimer Rathaussaal Am idyllischen Erbenheimer Kirchplatz hat die damals noch selbstständige Gemeinde Erbenheim ab 1834 ein neues Haus für die Dorfschule errichtet. Später wurde es als Rathaus genutzt und auch Trauungen beurkundet. Mit der Eingemeindung zu Wiesbaden im</p>
